71, 179
What are the prime factors of 34980?
2, 3, 5, 11, 53
What are the prime factors of 11887?
11887
What are the prime factors of 1640?
2, 5, 41
What are the prime factors of 27266?
2, 13633
List the prime factors of 1284.
2, 3, 107
List the prime factors of 786.
2, 3, 131
List the prime factors of 4897.
59, 83
What are the prime factors of 1899?
3, 211
List the prime factors of 997.
997
What are the prime factors of 698?
2, 349
List the prime factors of 1379.
7, 197
What are the prime factors of 86314?
2, 103, 419
List the prime factors of 113364.
2, 3, 47, 67
List the prime factors of 469.
7, 67
What are the prime factors of 17141?
61, 281
What are the prime factors of 7729?
59, 131
What are the prime factors of 67687?
113, 599
What are the prime factors of 5433?
3, 1811
List the prime factors of 358.
2, 179
What are the prime factors of 984?
2, 3, 41
What are the prime factors of 59343?
3, 131, 151
What are the prime factors of 3669?
3, 1223
What are the prime factors of 7562?
2, 19, 199
List the prime factors of 5567.
19, 293
List the prime factors of 1033.
1033
What are the prime factors of 6964?
2, 1741
List the prime factors of 63778.
2, 11, 13, 223
What are the prime factors of 2635?
5, 17, 31
What are the prime factors of 27002?
2, 23, 587
List the prime factors of 5396.
2, 19, 71
List the prime factors of 1572.
2, 3, 131
What are the prime factors of 28989?
3, 3221
What are the prime factors of 1001?
7, 11, 13
What are the prime factors of 993?
3, 331
List the prime factors of 1806.
2, 3, 7, 43
What are the prime factors of 27296?
2, 853
List the prime factors of 3229.
3229
What are the prime factors of 5932?
2, 1483
List the prime factors of 15678.
2, 3, 13, 67
List the prime factors of 57345.
3, 5, 3823
List the prime factors of 2329.
17, 137
What are the prime factors of 65620?
2, 5, 17, 193
What are the prime factors of 101827?
11, 9257
List the prime factors of 159596.
2, 17, 2347
List the prime factors of 11303.
89, 127
List the prime factors of 5963.
67, 89
What are the prime factors of 47887?
7, 6841
What are the prime factors of 71267?
7, 10181
List the prime factors of 3025.
5, 11
What are the prime factors of 1390?
2, 5, 139
What are the prime factors of 16541?
7, 17, 139
What are the prime factors of 2300?
2, 5, 23
What are the prime factors of 28951?
13, 17, 131
What are the prime factors of 1654?
2, 827
List the prime factors of 2250.
2, 3, 5
List the prime factors of 227.
227
What are the prime factors of 14465?
5, 11, 263
List the prime factors of 2682.
2, 3, 149
What are the prime factors of 4?
2
List the prime factors of 2400.
2, 3, 5
List the prime factors of 6927.
3, 2309
What are the prime factors of 44402?
2, 149
List the prime factors of 13915.
5, 11, 23
What are the prime factors of 98368?
2, 29, 53
What are the prime factors of 771?
3, 257
List the prime factors of 3403.
41, 83
What are the prime factors of 14659?
107, 137
List the prime factors of 36997.
36997
List the prime factors of 719.
719
List the prime factors of 41411.
41411
List the prime factors of 119836.
2, 29959
List the prime factors of 31728.
2, 3, 661
List the prime factors of 17156.
2, 4289
List the prime factors of 45480.
2, 3, 5, 379
What are the prime factors of 13058?
2, 6529
List the prime factors of 428.
2, 107
List the prime factors of 10597.
10597
List the prime factors of 490.
2, 5, 7
List the prime factors of 10668.
2, 3, 7, 127
List the prime factors of 21499.
21499
List the prime factors of 3347.
3347
List the prime factors of 38078.
2, 79, 241
List the prime factors of 31496.
2, 31, 127
List the prime factors of 1289.
1289
List the prime factors of 1462.
2, 17, 43
List the prime factors of 37788.
2, 3, 47, 67
What are the prime factors of 1353?
3, 11, 41
List the prime factors of 4951.
4951
List the prime factors of 35661.
3, 11887
What are the prime factors of 38165?
5, 17, 449
List the prime factors of 6173.
6173
List the prime factors of 8948.
2, 2237
What are the prime factors of 6935?
5, 19, 73
What are the prime factors of 47124?
2, 3, 7, 11, 17
List the prime factors of 2524.
2, 631
List the prime factors of 64.
2
What are the prime factors of 3595?
5, 719
What are the prime factors of 9567?
3, 1063
What are the prime factors of 119869?
119869
List the prime factors of 1683.
3, 11, 17
List the prime factors of 1971.
3, 73
What are the prime factors of 18880?
2, 5, 59
What are the prime factors of 2805?
3, 5, 11, 17
List the prime factors of 805.
5, 7, 23
List the prime factors of 22337.
7, 3191
What are the prime factors of 787?
787
What are the prime factors of 47682?
2, 3, 883
List the prime factors of 27.
3
List the prime factors of 1478.
2, 739
What are the prime factors of 111?
3, 37
List the prime factors of 451.
11, 41
List the prime factors of 11813.
11813
List the prime factors of 12622.
2, 6311
List the prime factors of 5926.
2, 2963
What are the prime factors of 2602?
2, 1301
What are the prime factors of 48150?
2, 3, 5, 107
What are the prime factors of 3037?
3037
What are the prime factors of 5386?
2, 2693
List the prime factors of 93.
3, 31
List the prime factors of 735.
3, 5, 7
List the prime factors of 3515.
5, 19, 37
What are the prime factors of 14356?
2, 37, 97
What are the prime factors of 4021?
4021
What are the prime factors of 4621?
4621
What are the prime factors of 7871?
17, 463
What are the prime factors of 25196?
2, 6299
What are the prime factors of 12296?
2, 29, 53
What are the prime factors of 1132?
2, 283
What are the prime factors of 44457?
3, 7, 29, 73
List the prime factors of 27265.
5, 7, 19, 41
List the prime factors of 1638.
2, 3, 7, 13
List the prime factors of 5475.
3, 5, 73
List the prime factors of 9979.
17, 587
What are the prime factors of 1731?
3, 577
What are the prime factors of 1318?
2, 659
List the prime factors of 68893.
11, 6263
What are the prime factors of 5780?
2, 5, 17
List the prime factors of 145.
5, 29
List the prime factors of 5194.
2, 7, 53
What are the prime factors of 19621?
7, 2803
What are the prime factors of 13576?
2, 1697
What are the prime factors of 7532?
2, 7, 269
List the prime factors of 4861.
4861
List the prime factors of 2477.
2477
What are the prime factors of 7430?
2, 5, 743
List the prime factors of 46174.
2, 23087
List the prime factors of 6067.
6067
List the prime factors of 13409.
11, 23, 53
What are the prime factors of 5500?
2, 5, 11
What are the prime factors of 1896?
2, 3, 79
List the prime factors of 3835.
5, 13, 59
List the prime factors of 110.
2, 5, 11
List the prime factors of 72182.
2, 11, 17, 193
List the prime factors of 48497.
48497
List the prime factors of 1588.
2, 397
List the prime factors of 1096.
2, 137
What are the prime factors of 1161?
3, 43
What are the prime factors of 2042?
2, 1021
List the prime factors of 5571.
3, 619
List the prime factors of 735.
3, 5, 7
List the prime factors of 10114.
2, 13, 389
What are the prime factors of 1100?
2, 5, 11
What are the prime factors of 2755?
5, 19, 29
List the prime factors of 2377.
2377
What are the prime factors of 3409?
7, 487
What are the prime factors of 137?
137
What are the prime factors of 71283?
3, 23761
What are the prime factors of 10689?
3, 7, 509
List the prime factors of 51988.
2, 41, 317
What are the prime factors of 1770?
2, 3, 5, 59
List the prime factors of 2774.
2, 19, 73
List the prime factors of 2208.
2, 3, 23
List the prime factors of 662.
2, 331
List the prime factors of 1651.
13, 127
What are the prime factors of 6369?
3, 11, 193
What are the prime factors of 8520?
2, 3, 5, 71
What are the prime factors of 2559?
3, 853
List the prime factors of 12874.
2, 41, 157
What are the prime factors of 3093?
3, 1031
What are the prime factors of 9271?
73, 127
What are the prime factors of 47071?
103, 457
List the prime factors of 324.
2, 3
What are the prime factors of 127?
127
What are the prime factors of 1448?
2, 181
List the prime factors of 126285.
3, 5, 8419
What are the prime factors of 15017?
15017
List the prime factors of 1544.
2, 193
List the prime factors of 145.
5, 29
What are the prime factors of 150546?
2, 3, 11, 2281
List the prime factors of 13763.
13763
What are the prime factors of 32455?
5, 6491
List the prime factors of 3300.
2, 3, 5, 11